e 4*f - 23 = -7. Suppose -2*g = f*i + 3 - 15, 5*g = -5*i + 10. Suppose 0 = -3*a - 9, 2*x - i*x + a + 5 = 0. Let l(r) = -r. What is l(x)?
-1
Let m(v) = 3*v**3 + 146*v + 238*v**2 - 162*v - 257*v**2 + 18. Calculate m(7).
4
Suppose r = -2*x + 22, 0 = -3*x - 0*x + r + 23. Let s be 3 + (-75)/x + (-4)/6. Let i(m) = 4*m - 6*m + 7 + 2*m**2 - 2*m - 3*m**2. Determine i(s).
-5
Suppose 0 = -3*a + 36 + 3. Let b(w) = -26*w + 46*w - 16*w - 3 + a. Let p = -16 - -9. Calculate b(p).
-18
Suppose 0 = -21*x + 7*x - 5*h + 2, 3*h + 15 = -3*x. Let g(i) = 5*i**2 - 6*i + 12. What is g(x)?
39
Suppose 1105*y - 1109*y - 4*l - 40 = 0, -5*y = -5*l - 20. Let b(n) be the second derivative of -n**4/12 - n**3/3 + 2*n**2 + n. Determine b(y).
1
Let h = -86 + 86. Suppose h = -11*t + t + 20. Let u(k) = -10 + 14 - k + 4*k**t - 6 - 3*k**3. Give u(2).
-12
Let j = 392 - 384. Suppose 27*n = 19 + j. Let k(m) = -4*m**3 - 2*m**2 + m. What is k(n)?
-5
Let w(o) = -o**2 + 2*o. Suppose -2*h - 98*d = -93*d - 6, -5*d - 3 = -h. Determine w(h).
-3
Let f = 101 + -71. Let g be 95/3 - ((-28)/(-12))/(-7). Let i = g - f. Let x(z) = 4*z + 1. Determine x(i).
9
Let r(n) = n - 9. Suppose -f - 1 = -b + 7, -3*f = -b + 6. Suppose -3 = -4*x + b. Suppose 3*v = -3*q, -5*q = 5*v - x*q. Determine r(v).
-9
Let r(g) = -19*g**2 - 19. Suppose 109 = -12*n + 37. Let l(k) = 22*k**2 + k + 20. Let m(p) = n*l(p) - 7*r(p). Calculate m(3).
4
Let u(z) = -9*z - 609. Let j(a) = 5*a + 366. Let t(c) = -5*j(c) - 3*u(c). Let w = 8 + -13. Calculate t(w).
-13
Let k(s) = -133 + 517 - 176 - 27*s - 156 - 132. Give k(-3).
1
Suppose 0 = 5*n - 85*r + 86*r - 111, 0 = 3*n + 3*r - 57. Let q(b) be the first derivative of -6*b - 3/2*b**2 + n. Calculate q(-5).
9
Let r(h) be the first derivative of 46 + 8*h - 7/3*h**3 + 1/2*h**2 - 1/4*h**4. Give r(-7).
1
Let x(f) = -f**2 - 14*f + 12. Let a = -110 - -109. Let v be a*2*255/34. Let l be x(v). Let i(o) = -o**3 - 2*o**2 + o - 1. What is i(l)?
5
Let g(p) be the first derivative of -p**4/4 + 10*p**3/3 + 11*p**2/2 - 2*p + 1. Let f(m) = m**2 - 7*m + 39. Let c be f(7). Suppose c*b - 339 = 90. What is g(b)?
-2
Let b(r) = r + 796 - 1219 + 433. Let a(j) = j**2 + 3*j. Let f be a(-3). Determine b(f).
10
Let i be 4 + 2/(-2) + 4. Let z(p) = 0 + 208*p - 206*p - i*p**3 + 1. Calculate z(-1).
6
Let p(h) = 32*h + 3. Let l(f) = 2*f - 1. Let u(m) = -52*m - 2. Let c(n) = 2*l(n) + u(n). Let d(a) = 5*c(a) + 7*p(a). Determine d(-1).
17
Let h = -10 - -43. Let g = -40 + h. Let b be (-2 - -3)*(-10 - g). Let f(p) = -2*p**2 - 5*p - 2. Determine f(b).
-5
Let t = -3893 - -3895. Let i(d) be the first derivative of d**5/30 + d**4/12 + d**3/6 - d**2 + 2. Let y(m) be the second derivative of i(m). Determine y(t).
13
Suppose -s + 0*s = -5. Let d(z) = 20*z**2 - 10*z - 2. Let u(x) = -17*x**2 + 9*x + 1. Let i(t) = -5*d(t) - 6*u(t). Calculate i(s).
34
Let k(t) be the second derivative of 5*t**4/12 + t**3/3 + t**2/2 - 2*t. Let a(i) = -2*i**3 - 116*i**2 - 126*i - 685. Let n be a(-57). Give k(n).
4
Let m(x) be the second derivative of -x**4/6 + 2*x**3/3 + 3*x**2 + 5*x - 67. What is m(3)?
0
Let o = -258 + 261. Suppose 0 = -7*a + o*a - p - 60, a - 6 = 5*p. Let b(d) = d**3 + 14*d**2 + d + 17. Calculate b(a).
3
Let y(v) be the second derivative of v**5/20 - 7*v**3/6 - 7*v**2/2 + v - 516. Give y(-4).
-43
Suppose 45 = v - 3*n, 5 = -2*n + 9. Let k(t) = 14*t - 12 - 50*t**2 - 9 + v*t**2. Calculate k(-15).
-6
Let c(s) be the first derivative of s**5/30 + s**4/12 + s**3/3 + 35*s**2/2 - 80. Let l(x) be the third derivative of c(x). Give l(2).
10
Let w(y) = y**2 + 4*y - 2. Let p be w(1). Let n(l) = 0*l**2 - 6 + 13*l - 10 - 4*l**2 + 12 + p*l**2. Give n(10).
26
Let y be (9/15)/(1/5). Suppose 8 = 5*d - 3*d + 5*k, -4*d = y*k + 12. Let b(t) = -6*t**2 + 7*t**2 - t + 8*t + 4. What is b(d)?
-2
Let f(m) be the first derivative of -90 - 2*m**2 + 11*m - 1/3*m**3. Calculate f(-6).
-1
Let u be -8 + -4 + 4 + 2. Let i(h) = 17 - 5*h + h**2 + 3*h**2 - 5*h**2 - 8. Give i(u).
3
Let m(j) be the third derivative of -j**2 - 5/24*j**4 + 0*j + 6 - 1/3*j**3 + 1/60*j**5. Give m(4).
-6
Let m(b) = 1488*b + 1525*b + 4 + 0 - 3015*b - 2. Suppose 3*h - 2 = 1. What is m(h)?
0
Let t(q) = -5*q - 1. Let p(y) = -2*y**3 - 9*y**2 - 7*y - 12. Let s be p(-6). Let l = s - 140. Let z(k) = -6*k - 2. Let b(o) = l*z(o) + 3*t(o). Give b(4).
-11
Let q(g) = -3*g**2 - 46*g + 34. Let z be q(-16). Let u(r) = r - 7. Let o(i) = -4*i + 26. Let t(p) = z*o(p) + 9*u(p). Give t(11).
0
Let v = 487 - 483. Let k(j) = 5*j**3 - j**2 - 6*j - 4. Let w(o) = 4*o**3 - 6*o - 4. Let h(z) = v*w(z) - 3*k(z). Calculate h(-5).
-24
Let w = -4 + 12. Suppose -w*i = -16*i - 16. Let q be (-1 - -3) + i/(2/5). Let n(k) = 2*k**3 + 5*k**2 + 3*k + 1. Determine n(q).
-17
Let x(d) = -2397*d**3 - 60 + 5*d - 7*d**2 + 50 + 2398*d**3. Calculate x(7).
25
Let r = -7938 + 7949. Let i(o) = -o**3 + 13*o**2 - 21*o - 19. Determine i(r).
-8
Let r(x) = 4*x**3 + 16*x**2 - 15*x - 64. Let i(t) = t**3 - 2*t**2 - 4*t + 1. Let h(g) = -3*i(g) + r(g). Give h(-22).
-1
Suppose -27 = -6*o + 9*o. Let u(q) be the first derivative of -39 + 3*q - 9/2*q**2 - 1/3*q**3. Calculate u(o).
3
Suppose -3*r - 5*k + 31 = 0, -26*r = -22*r - k - 3. Let c(f) = f**2 - 3*f + 5. Give c(r).
3
Let a(y) = y - 1. Let h(j) = 4*j - 3. Let b(s) = -9*a(s) + 2*h(s). Let z be (-9)/(-27) - (-70)/6. Suppose -z*u - 26 = 10. Determine b(u).
6
Let r(y) = -33*y + 10*y - y**3 + 11 - 7180*y**2 + 7192*y**2. Give r(10).
-19
Let z(b) = 2*b**2 - 186*b - 189. Let s be z(94). Let o(w) = -10*w**3 + w**2 + w + 1. Give o(s).
11
Let i(o) = -o**3 + 7*o**2 + o + 4. Let k(s) = -2*s + 217. Let w(v) = -v + 144. Let l(n) = -5*k(n) + 8*w(n). Let y be l(-30). Calculate i(y).
11
Let g(y) = y**3 + 18*y**2 - 2*y + 1. Let v be -1*(-2 - (-9)/3). Let p(c) = -c**2 + c + 2. Let a(l) = v*g(l) - 3*p(l). What is a(-15)?
8
Let b(p) = 0*p**2 + 4*p**2 - 11*p + 3 + 8*p - p**3. Let l be 0 + 0 + 1 + 3. Suppose 8*q - 3*q - 4*n - 27 = 0, l*q = -4*n. What is b(q)?
3
Let n = 401 + -589. Let h = -179 - n. Let k(i) = 4*i - 4*i - i + 9. Determine k(h).
0
Let r(x) = -x**3 - 5*x**2 + 6*x - 7. Let v = 106 - 134. Let c be 7/v - (-173)/4. Let f = c - 49. What is r(f)?
-7
Let f(y) = y**3 + 23*y**2 + 24. Let i be 4/70 + (-267117)/11585. What is f(i)?
24
Let c(u) = -380 - 369 + 8*u + 2*u**3 - 6*u**2 + 740 - u**3. Let f(p) = p**2 + 10*p + 15. Let d be f(-9). Determine c(d).
39
Suppose 3 = -25*g + 128. Suppose g*j = 2*n - 27, -n = -7*j + 9*j - 9. Let r(m) = -m**2 + 9*m + 3. What is r(n)?
-19
Let n(g) be the third derivative of g**5/60 + 5*g**4/8 + 4*g**3 - 11048*g**2. Give n(-4).
-20
Let t = 42 + -39. Let r(b) = -6*b**2 - 4*b - 6. Let v(h) be the first derivative of 11*h**3/3 + 4*h**2 + 11*h + 3. Let k(u) = t*v(u) + 5*r(u). Calculate k(-2).
7
Let y(o) = -2*o**3 - 17*o**2 - 20*o + 21. Let u(g) = 6*g**3 + 49*g**2 + 57*g - 60. Let c(s) = 6*u(s) + 17*y(s). Let a = -8 + 5. Calculate c(a).
-18
Let n = 19524 + -19471. Let o(t) = -8*t + 420. Determine o(n).
-4
Let l(s) = -5*s**2 + 2*s. Let c(r) = 4*r**2 - 3*r. Let a(d) = -6*c(d) - 5*l(d). Suppose -5*h + 2*x = -219, -6*h - x = -h - 213. Let b = h + -47. Calculate a(b).
-16
Suppose 3*b + b = -12, 4*b = -3*t + 57. Let v(i) = -t*i - 7 + i**2 + 58*i - 21*i - 7*i. Determine v(-7).
-7
Let m = 6392 + -6389. Let i(u) be the first derivative of -26 + 1/4*u**4 - 7/2*u**2 + 7/3*u**m + 4*u. Calculate i(-8).
-4
Let k(l) = 0 - 86*l + 173*l - 89*l + 41*l**2 - 24*l**2 + 2. Calculate k(1).
17
Let v(u) = 3 + 0*u - 2*u + 4*u. Suppose q - 6 = -x, -4*q + 11 + 1 = x. Determine v(x).
11
Let z(f) = f**3 + 4*f**2 + 4. Let c be z(-3). Let l(y) = -1 + 4*y - c*y**2 + 14 + 12*y**2 + y. Let b be l(6). Let o(r) = -3*r + 10. Calculate o(b).
-11
Let v(a) be the first derivative of 5*a - a**3 + 1/4*a**4 + 1/2*a**2 + 33. Give v(4).
25
Let c(d) be the second derivative of -7/2*d**2 + 0 + 1/3*d**3 + 68*d. Calculate c(-5).
-17
Let g(k) = k + 13 - 29 + 17. Let n(q) = -19*q + 3. Let a be n(-1). Let t(v) = 2*v - 43. Let i be t(a). Give g(i).
2
Let w(u) be the second derivative of u**5/20 - 7*u**4/12 + u**3 - 7*u**2 - 2*u - 3. Calculate w(6).
-14
Suppose 10*k = 625 - 575. Let v(m) = m**3 - 5*m**2 + m + 2. Calculate v(k).
7
Let w(h) = -163 + 181*h - 98*h - 78*h. What is w(0)?
-163
Let y(i) = 83 + 141 - 29*i - 174. Give y(2).
-8
Let w(j) be the first d